s divided by (-18)/h - 3/(-15).
0
Let m(a) = -9 + a - 3*a**2 + 2*a**2 + 5*a + 2. Let t be m(6). Let z = t - -8. Calculate the remainder when z is divided by 1.
0
Suppose 2*a - 8 = -2, -5*g + 2*a + 119 = 0. Suppose -6*c + g = -c. What is the remainder when c is divided by (2/(-3))/((-4)/18)?
2
Let r(z) be the second derivative of -z**3/6 - 3*z. Calculate the remainder when 2 is divided by r(-1).
0
What is the remainder when 128 is divided by 5/(-15) + (-79)/(-3)?
24
Let f = 43 + -26. Suppose 4*y + 56 = 8. Let m = -3 - y. What is the remainder when f is divided by m?
8
Suppose -a = -11 - 20. What is the remainder when a is divided by 11?
9
Suppose 0 = -4*u + u + 12. What is the remainder when 11 is divided by (-225)/(-36) - 1/u?
5
Let h(b) = -b + 18. Let n be -7*3/3 - 2. Let w = 0 - n. Calculate the remainder when 26 is divided by h(w).
8
Suppose 2*y - 39 = -4*n + 31, 0 = 5*n + 3*y - 90. Calculate the remainder when 58 is divided by n.
13
Let h = 238 + -228. Let p(l) = l**2 - 3*l - 2. Calculate the remainder when p(-4) is divided by h.
6
Suppose -8*q + 4*q + 72 = 0. Calculate the remainder when 70 is divided by q.
16
Suppose 9*u - 5*z - 36 = 7*u, 2*u - z - 20 = 0. What is the remainder when (-6)/21 - (-424)/14 is divided by u?
6
Let x be (-40)/30*(-3)/(-2). Let t = x + 6. What is the remainder when t is divided by 3?
1
Suppose 9*l - 14*l + 75 = 0. What is the remainder when 29 is divided by l?
14
Let k(s) = -s**2 + 13*s + 2. Let z be k(7). Suppose 12 = -4*i + z. Calculate the remainder when 30 is divided by i.
6
Suppose -58 = -3*s - 2*c, -5*c = -s - 3*s + 108. Let a(d) = 3*d**2 - 10*d + 9. What is the remainder when a(7) is divided by s?
20
Let v = -124 + 170. Calculate the remainder when v is divided by 13.
7
Suppose 4*u = 3*c - 14, -u = -2*c + 3*c - 14. Let j(p) = p**3 - 11*p**2 + 10*p + 6. What is the remainder when j(c) is divided by 3?
0
Suppose -2*i + 6*q - 18 = 2*q, 25 = -3*i + 4*q. Let x(g) = -2*g + 9. Calculate the remainder when x(i) is divided by 6.
5
Suppose -2*p + 72 = p. Calculate the remainder when (3/2)/(2/p) is divided by 5.
3
Let d = -13 - -33. What is the remainder when 76 is divided by d?
16
Suppose 5*s = z - 0*s - 16, 4*z + 3*s + 5 = 0. Suppose 57 - z = 4*g. Calculate the remainder when (50/(-15))/((-1)/12) is divided by g.
12
Suppose -38 = -y + 31. Calculate the remainder when y is divided by (-33)/55 - (-93)/5.
15
Let l = 246 - 172. What is the remainder when l is divided by 11?
8
Suppose 5*f = 5*h + 480, -5*f = -h - h - 483. What is the remainder when f is divided by 10?
7
Let w be (-18)/4*24/(-18). Let n be 4/w - 13/(-3). Suppose n*b - 21 = 69. Calculate the remainder when 35 is divided by b.
17
Suppose 0 = -3*p - 5*z + 90, -4 - 58 = -2*p - 4*z. Let j(x) = 5*x - 8. Calculate the remainder when p is divided by j(3).
4
Suppose -5*a + 260 = g + 111, -20 = -4*a. Calculate the remainder when g/16 + (-3)/4 is divided by 3.
1
Suppose 4*b + 206 = 2*g, 3*b - 4*g + 142 = -0*b. Let m = 84 + b. Suppose -3*c = -r + m, 0*r - 3*c + 12 = r. Calculate the remainder when 61 is divided by r.
19
Suppose 2*d + 54 = -5*l, -2*l - 5*d - 18 = -3*d. Let o = l + 20. Calculate the remainder when 21 is divided by o.
5
Let f = 3 + 0. Suppose -f*p = -5*y - 7 + 126, -4*y - 3*p = -106. What is the remainder when y is divided by 6/15 - (-43)/5?
7
What is the remainder when 15 is divided by 5/(-3)*90/(-75)?
1
Let z(n) = -n - 11. Let d be z(-8). Let l = d - -18. Calculate the remainder when 28 is divided by l.
13
Let r(p) = 11*p**2 - 2*p + 1. Calculate the remainder when 39 is divided by r(1).
9
Let g(b) = 16*b - 4. Suppose -6*i + 15 = -i. Calculate the remainder when g(i) is divided by 15.
14
Let p(o) = -o**3 - 3*o**2 + 1. Suppose 0 = -5*l, -268 = -2*v - 2*v - 5*l. What is the remainder when v is divided by p(-4)?
16
Let q(f) = 4*f + 4 - 5 - 1 - 4. Calculate the remainder when 63 is divided by q(7).
19
Let k = 30 - 17. Let s = k + -6. Calculate the remainder when 13 is divided by s.
6
Suppose -446 + 26 = -3*o. Let k = o - 96. What is the remainder when k is divided by 23?
21
Suppose r + 89 = -2*r - 2*s, 0 = 4*r - 4*s + 132. Let w = 56 + r. Calculate the remainder when w is divided by (-1*1)/((-2)/26).
12
Suppose c - 4*c - 4*x + 26 = 0, 3*c = -5*x + 31. Suppose 0 = c*m - 8, 4*n = 7*n + 4*m - 61. What is the remainder when n is divided by 8?
7
Suppose 0 = -3*j + q + 251, -3*j - 5*q + 341 = j. Calculate the remainder when j is divided by 29.
26
Let m = 7 - -8. Calculate the remainder when m is divided by (-12)/(2*6/(-8)).
7
Suppose -4*r - 5 + 21 = 0. Suppose -5*i + 26 = -r. Calculate the remainder when 17 is divided by i.
5
Let k(u) = u + 3. Let t be k(3). Let b be 66/(-14) - t/21. Let n = 14 + b. What is the remainder when 26 is divided by n?
8
Let v = -122 - -200. Calculate the remainder when v is divided by 27.
24
Let o(u) = -u**3 + 6*u**2 + 8*u + 5. Let k be o(7). Suppose -3*q = -6*q + k. What is the remainder when 13 is divided by q?
1
Suppose 0 = l + 41 - 118. Calculate the remainder when l is divided by 40.
37
Let m(p) = -p**3 + 8*p**2 - 5*p - 9. Let i = -9 - -16. Let r be m(i). Suppose -14 = 5*w + 11, c + r*w + 22 = 0. What is the remainder when c is divided by 2?
1
Let y be ((-3)/(-9))/((-3)/(-18)). Let o = 7 + -4. Suppose o*a - 3*t - 26 = y*t, -t = 5*a - 6. Calculate the remainder when 5 is divided by a.
1
Suppose -4*y - 117 + 14 = 5*g, 0 = 3*y + 2*g + 72. Let l = 45 + y. What is the remainder when l is divided by 8?
7
Let x(v) = 12*v - 101. Calculate the remainder when 150 is divided by x(10).
17
Suppose 0 = -37*v + 41*v - 76. What is the remainder when 75 is divided by v?
18
Suppose 0 = -0*n - n. Let o = 5 + n. What is the remainder when 14 is divided by o?
4
Let h be 0 + 2 + (-1 - 4). Suppose 3*n - 20 - 13 = 0. Let d = h + n. What is the remainder when 15 is divided by d?
7
Let m(b) = 2*b - 5. Let a be m(4). Let o = -22 - -22. Suppose o = 4*r - a*r - 21. What is the remainder when r is divided by 11?
10
What is the remainder when (-2)/((-4)/22) + 2 + -4 is divided by 5?
4
Let n = -232 - -342. What is the remainder when n is divided by 7?
5
Suppose 4 + 2 = g + 5*b, 4*b = 4*g - 48. Let y = g - 6. Let h = 22 - 19. Calculate the remainder when y is divided by h.
2
What is the remainder when 4 is divided by (-3)/(-9)*(4 - 1)?
0
Let j(y) = -y + 10. Calculate the remainder when -1*1 - (3 - (12 + -3)) is divided by j(7).
2
Suppose -5 = -2*h + 2*f - 5*f, 0 = h - 5*f + 4. What is the remainder when (-4)/(-3)*(h - -8) is divided by 7?
5
Let b be ((-9)/(-4))/((-2)/(-56)). Suppose i + b = d + 2*i, -3*d = -i - 185. What is the remainder when d is divided by 21?
20
Let l be (-1)/(2*(-2)/12). Suppose -v = -s + 35, -s - l*v + 35 = -2*v. Suppose s = -0*t + t. What is the remainder when t is divided by 18?
17
Suppose 2*w - 6*w + 80 = 0. What is the remainder when 37 is divided by w?
17
Let v(a) = 16*a**3 + a**2 + a. Let n be v(-1). Suppose -w - 2*w + 33 = 0. What is the remainder when ((-21)/4)/(4/n) is divided by w?
10
Let l(k) = k**2 - 5*k - 2. Let u be l(-4). Let y = u + -20. What is the remainder when 53 is divided by y?
11
Let m(r) = r**2 + 3*r. Let k be m(3). Let j be ((-4)/3)/((-1)/6). Let b = j + k. Calculate the remainder when b is divided by 9.
8
What is the remainder when (-6)/((-72)/(-140))*-3 is divided by 13?
9
Let y(u) = u**3 - 9*u**2 + 10*u - 6. Let q be y(8). Calculate the remainder when (-2 + 5)/(3/q) is divided by 20/3 - 6/9.
4
Suppose -8 = -19*o + 15*o. Let j(c) = 2*c - 6. Calculate the remainder when j(4) is divided by o.
0
Suppose -4*x - x = -25. Suppose -4*w - 22 = -m, -x = 3*w - 2*w. Suppose 0 = -3*n + m*n + 14. Calculate the remainder when n is divided by 5.
4
Suppose 0 = 4*q - 31 - 45. Let g be 7/4 + (-8)/(-32). What is the remainder when q is divided by 0 - -6 - (-3 + g)?
5
Let z(k) = -26*k - 1. Calculate the remainder when 99 is divided by z(-1).
24
Suppose 3 = 2*k - 5. Suppose -k*a + 4*y + 200 = 0, -a - 2*a + 140 = -5*y. What is the remainder when a is divided by 19?
17
Let i = -9 - -11. Calculate the remainder when 38 is divided by (10/(-8))/(i/(-32)).
18
Suppose -5*p = -j + 1 - 12, -3*p - 15 = -3*j. Suppose m - 2*m + 3*b - 69 = 0, 3*b + 159 = -3*m. Let h = 81 + m. Calculate the remainder when h is divided by j.
6
Suppose -5*c - 